 is divided by 66.
30
Suppose 432 = -16*l + 32*l. Let s(b) = b**2 + 32*b + 100. Calculate the remainder when s(-32) is divided by l.
19
Let v(w) = w**3 + w**2 - 3*w + 50. Let f be v(14). Suppose -7*a = -18*a + f. Calculate the remainder when a is divided by 34.
30
Let t be 1*(3 - (-1)/1). Suppose -t*g - 4*o + 3*o = -27, 5*o = 5*g - 65. Let l = -10010 + 10030. Calculate the remainder when l is divided by g.
4
Let t = -1907 - -2305. What is the remainder when t is divided by 77?
13
Calculate the remainder when 446 is divided by ((-60)/(8 + -18))/((-3)/(-4) + 0).
6
Suppose -20 = 4*p, -4 = -c - 3*c - 4*p. Let z(j) = 1 - 6*j**2 + 3*j + 4*j**3 + 2*j**3 - 5*j**3. What is the remainder when 70 is divided by z(c)?
13
Let w = 137 + -109. Calculate the remainder when ((-328)/10)/(36/(-90)) is divided by w.
26
Let x = -12335 + 12371. Calculate the remainder when ((-1)/3)/((-3)/4527) is divided by x.
35
Suppose 0 = -79*p + 51*p + 1596. What is the remainder when 137 is divided by p?
23
Let i(m) = -31*m + 124. Let z be i(-11). Suppose 6*f - 1185 = z. Calculate the remainder when f is divided by 23.
22
Let z = 16 - 14. Let i(l) = -10*l**z + 3*l + 2 - 24 + 12*l**2 + 7. Calculate the remainder when i(-8) is divided by 23.
20
Let o be (-1337)/(-147) + 8/(-84). Suppose h - 12 = -2*c, -o*h + 11*h + 3*c - 22 = 0. Calculate the remainder when 21 is divided by h.
5
Let y(b) = 78*b**3 + 2*b**2 - b - 1. Let x = 249 - 248. What is the remainder when y(x) is divided by 8?
6
Suppose l + 496 = 4*t, 5*t + 0*t + 2*l = 620. Let s = t - 16. Calculate the remainder when s is divided by 28.
24
Suppose c - 76 = -3*a, 0 = 3*a - 5*c - 4 - 102. Suppose 156 = 4*i - 4*z, -i = -7*z + 10*z - a. What is the remainder when i is divided by 28?
8
Let g = -6230 - -6505. Calculate the remainder when g is divided by 57.
47
Suppose 4*l + 4*d = 424, 70*d - 311 = -3*l + 66*d. What is the remainder when 1255 is divided by l?
12
Suppose 3*m + 237 = -3*u + 8*u, 0 = m + 4. Calculate the remainder when 236 is divided by u.
11
Let i = 661 - 334. What is the remainder when i is divided by (0 - -4)*(-130)/(-52)?
7
Let m = 40 - 25. Let p = 19 + -19. Let v(k) = -k**3 - 3*k + 57. What is the remainder when v(p) is divided by m?
12
What is the remainder when ((-156)/(-1404))/((-2)/(-4122)) is divided by 11?
9
Let f = -8666 + 8772. Calculate the remainder when 725 is divided by f.
89
Let b(n) = -135*n + 9. Let j = 3484 - 3455. Calculate the remainder when b(-1) is divided by j.
28
Let k = 610 - 604. Suppose -462 = -k*h - 5*h. Suppose -3*a = 3*c - 54, -3*c - 4*a + 7*a = -42. Calculate the remainder when h is divided by c.
10
Let f(t) = t**2 + 6*t - 24. Suppose 76 = 2*r - 10. Let q = r + -54. Calculate the remainder when f(q) is divided by 8.
7
Suppose -281*y + 139 = -280*y - 4*u, -326 = -2*y - 4*u. Calculate the remainder when y is divided by 21.
8
What is the remainder when 1479 is divided by ((-18171)/3365)/((-2)/10)?
21
Let n = -869 + 870. What is the remainder when 131 is divided by (-8)/n + -1 + 40?
7
Let v = -39283 - -39366. Suppose -3*u + 34 = -u. What is the remainder when v is divided by u?
15
Suppose 4*v - m - 1002 - 1085 = 0, 2*v - 1066 = -4*m. Let w = 736 + -729. Calculate the remainder when v is divided by w.
5
Suppose 38*j - 90 = 20*j. Suppose -5*h - x = 7, x = -h - 1 + 2. Calculate the remainder when (h/(-4))/(2/32) is divided by j.
3
Let z = -15211 + 17053. Calculate the remainder when z is divided by 263.
1
Suppose 57 = 3*z + 3*o, 5*z - 100 = -0*o - 4*o. Let p(q) = 3*q - 10. What is the remainder when p(31) is divided by z?
11
Suppose -14*a + 1192 + 1986 = 0. What is the remainder when a is divided by 40?
27
Suppose -160*j = -46*j - 15916 + 4288. Calculate the remainder when j is divided by 0 - 2/((-2)/3)*15.
12
Let n(k) = -272*k**3 + k**2 - 1. Let c be n(1). Let x = -270 - c. Suppose 2*t = 3*t - 6. Calculate the remainder when t is divided by x.
0
Let z(k) = -k**2 + 9*k + 8. Let g be z(7). Let y = 23 - g. Suppose -4*h + 5*f = -9 - 5, -5 = 5*h + 5*f. Calculate the remainder when h is divided by y.
0
Let p = -2521 + 2606. What is the remainder when 268 is divided by p?
13
What is the remainder when (-684)/(-10) + 104/(-260) is divided by 39?
29
Let z = 29 + -9. Suppose -t + 2*b + 13 = 0, 4*t - 2*b - 30 - 16 = 0. What is the remainder when z is divided by t?
9
Let o = -2185 + 2759. Calculate the remainder when o is divided by 116.
110
Let u(x) be the first derivative of x**3/3 + 5*x**2/2 + 14*x + 41. What is the remainder when 41 is divided by u(-5)?
13
Let b = -312 - -314. Suppose -w = -b*u + 27 - 48, -72 = -3*w + 3*u. Calculate the remainder when 132 is divided by w.
24
Suppose -c - 5*c = 96. Let g be (-6 - -2)*(1 - -2). What is the remainder when 35 is divided by ((-27)/g)/((-2)/c)?
17
Let o(q) = 11*q**2 + 8*q + 4. Let c be (0/2 - -6)/2. Calculate the remainder when o(c) is divided by 11704/364 - (-2)/(-13).
31
Let v = -8 + 24. Suppose 0 = 4*t - 5*t + 15. What is the remainder when (87/(-15))/((-3)/t) is divided by v?
13
Suppose 72*g = -3011 + 13091. Calculate the remainder when g is divided by 37.
29
Let p = -760 - -763. Suppose 3*s = -2 - 1, -4*f + p*s = -167. Calculate the remainder when 300 is divided by f.
13
What is the remainder when 3688 is divided by (275/22 - 13)*-82?
39
Let k = 976 + -946. Suppose 94 - 7 = o. Let f = o - k. Calculate the remainder when f is divided by 12.
9
Let o be 1/1*((1 - -3) + -9). What is the remainder when (-1676)/(-12) - o/15 is divided by 73?
67
Suppose 10372*c = 10393*c - 168. Calculate the remainder when 5589 is divided by c.
5
Calculate the remainder when 847 + (-44 - -16) + 14 is divided by 173.
141
Let a = -712 + 1266. Let h = 562 - a. Calculate the remainder when 12 is divided by h.
4
Suppose 180324 = 310*j - 210586. What is the remainder when j is divided by 116?
101
Let b = -1294 - -1312. What is the remainder when 440 is divided by b?
8
Let f(m) = 6 - 2 - m + 15. Calculate the remainder when 27 + (252/4)/9 is divided by f(0).
15
Let z(m) be the second derivative of m**5/20 + 3*m**4/2 + m**3/6 + 41*m**2/2 + m - 26. Let j = 149 - 36. What is the remainder when j is divided by z(-18)?
21
Suppose -4*o + o + 189 = -3*x, 5*x + 75 = o. Suppose 5*b - 84 = 3*d, -3*b + o = -12*d + 7*d. Let j = 177 + -172. What is the remainder when b is divided by j?
0
Let a(h) = h**2 + 2*h - 72. Let r be a(8). Calculate the remainder when 148 is divided by 2 - (r - (-100)/(-2)).
16
Let c = 908 - 538. Let h(g) = 185*g - 1100. Let x be h(6). Suppose 20*i + x - c = 0. What is the remainder when 143 is divided by i?
17
Let m = 87992 + -87969. Let d be (-4)/12 + (-133)/(-3). Let g = d - -42. Calculate the remainder when g is divided by m.
17
Let u be 9/6*(0 + (4 - -2)). Suppose u*z + 16*z = 3025. Calculate the remainder when z is divided by 31.
28
Let s be (1 - 8 - 0)*180/(-252). Suppose s*g = -563 + 653. Calculate the remainder when 38 is divided by g.
2
Let t(b) = -781*b + 8605. What is the remainder when t(10) is divided by 401?
394
Let z(r) = 3*r**2 + 43*r - 185. Calculate the remainder when 135 is divided by z(5).
30
Let q = 328 - 171. Suppose 3*c + 43 = q. Let y = -24 + 34. Calculate the remainder when c is divided by y.
8
Calculate the remainder when 556 is divided by (0 - 3) + 17/((-153)/36) + 48.
23
Let a(n) = -n**3 + 6*n**2 + 8*n - 5. Let j be a(7). Suppose -b = u - 11 - 10, -j*u + 2*b = -50. Calculate the remainder when 88 is divided by u.
19
Suppose -2*s - 4*f + 226 = 0, 5*s - 565 = -4*f + 3*f. Suppose -93 = -208*o + 205*o. What is the remainder when s is divided by o?
20
Suppose 4*v + 14*v + 15856 = 15982. What is the remainder when 1607 is divided by v?
4
Let s be 5/(-6) - (-1316)/168. Suppose 4*r - 463 = -5*t, r - 95 - s = -4*t. What is the remainder when r is divided by 18?
14
Let v = 4173 - 4129. Calculate the remainder when 228 is divided by v.
8
Suppose 3*v = -6, -150 = -143*y + 138*y + 5*v. What is the remainder when 719 is divided by y?
19
Suppose 0*x - 3*x = 4*c - 3, 2*c - 5*x = 21. Suppose h - 3*u - 123 = 0, 4*h + c*u = -u + 492. Let y = 77 + -52. What is the remainder when h is divided by y?
23
Let y(g) = g**2 + 13*g + 22. Let o be y(-4). What is the remainder when (3245/(-35))/(-1) - 4/o is divided by 12?
9
Suppose 3*z + 3 = 4*z. Calculate the rem